{"id":342,"date":"2020-10-22T15:40:53","date_gmt":"2020-10-22T15:40:53","guid":{"rendered":"https:\/\/enerpower.com.br\/site\/?page_id=342"},"modified":"2020-12-01T20:37:40","modified_gmt":"2020-12-01T20:37:40","slug":"condominios-residencias","status":"publish","type":"page","link":"https:\/\/enerpower.com.br\/site\/condominios-residencias\/","title":{"rendered":"Energia solar para condom\u00ednios e resid\u00eancias \u200b"},"content":{"rendered":"\t\t<div data-elementor-type=\"wp-page\" data-elementor-id=\"342\" class=\"elementor elementor-342\" data-elementor-settings=\"[]\">\n\t\t\t\t\t\t<div class=\"elementor-inner\">\n\t\t\t\t\t\t\t<div class=\"elementor-section-wrap\">\n\t\t\t\t\t\t\t<section class=\"elementor-section elementor-top-section elementor-element elementor-element-6504302 elementor-section-boxed elementor-section-height-default elementor-section-height-default\" data-id=\"6504302\" data-element_type=\"section\">\n\t\t\t\t\t\t<div class=\"elementor-container elementor-column-gap-default\">\n\t\t\t\t\t\t\t<div class=\"elementor-row\">\n\t\t\t\t\t<div class=\"elementor-column elementor-col-100 elementor-top-column elementor-element elementor-element-d09e172\" data-id=\"d09e172\" data-element_type=\"column\">\n\t\t\t<div class=\"elementor-column-wrap elementor-element-populated\">\n\t\t\t\t\t\t\t<div class=\"elementor-widget-wrap\">\n\t\t\t\t\t\t<div class=\"elementor-element elementor-element-2148492 elementor-widget elementor-widget-quadmenu\" data-id=\"2148492\" data-element_type=\"widget\" data-widget_type=\"quadmenu.default\">\n\t\t\t\t<div class=\"elementor-widget-container\">\n\t\t\t<nav id=\"quadmenu\" class=\"quadmenu-default_theme quadmenu-v2.0.5 quadmenu-align-right quadmenu-divider-hide quadmenu-carets-hide quadmenu-background-color quadmenu-mobile-shadow-hide quadmenu-dropdown-shadow-show quadmenu-hover-ripple\" data-template=\"collapse\" data-theme=\"default_theme\" data-unwrap=\"0\" data-width=\"\" data-selector=\"\" data-breakpoint=\"768\" data-sticky=\"1\" data-sticky-offset=\"45\">\r\n  <div class=\"quadmenu-container\">\r\n    <div class=\"quadmenu-navbar-header\">\r\n      <button type=\"button\" class=\"quadmenu-navbar-toggle collapsed\" data-quadmenu=\"collapse\" data-target=\"#quadmenu_0\" aria-expanded=\"false\" aria-controls=\"quadmenu\">\r\n  <span class=\"icon-bar-container\">\r\n    <span class=\"icon-bar icon-bar-top\"><\/span>\r\n    <span class=\"icon-bar icon-bar-middle\"><\/span>\r\n    <span class=\"icon-bar icon-bar-bottom\"><\/span>\r\n  <\/span>\r\n<\/button>        <a class=\"quadmenu-navbar-brand img\" href=\"https:\/\/enerpower.com.br\/site\/\"><img height=\"60\" width=\"160\" src=\"https:\/\/enerpower.com.br\/site\/wp-content\/uploads\/2020\/11\/icone.png\" alt=\"Enerpower\"\/><\/a>\r\n    <\/div>\r\n    <div id=\"quadmenu_0\" class=\"quadmenu-navbar-collapse collapse\">\r\n      <ul class=\"quadmenu-navbar-nav\"><li id=\"menu-item-505\" class=\"quadmenu-item-505 quadmenu-item quadmenu-item-object-custom quadmenu-item-home quadmenu-item-type-default quadmenu-item-level-0 quadmenu-has-title quadmenu-has-link quadmenu-has-background quadmenu-dropdown-right\">        <a  href=\"https:\/\/enerpower.com.br\/site\/#sobre\">\r\n      <span class=\"quadmenu-item-content\">\r\n                                              <span class=\"quadmenu-text  hover t_1000\">Sobre<\/span>\r\n                                            <\/span>\r\n    <\/a>\r\n        <\/li><li id=\"menu-item-345\" class=\"quadmenu-item-345 quadmenu-item quadmenu-item-object-custom quadmenu-item-home quadmenu-item-type-default quadmenu-item-level-0 quadmenu-has-title quadmenu-has-link quadmenu-has-background quadmenu-dropdown-right\">        <a  href=\"https:\/\/enerpower.com.br\/site\/#vantagens-2\">\r\n      <span class=\"quadmenu-item-content\">\r\n                                              <span class=\"quadmenu-text  hover t_1000\">Vantagens<\/span>\r\n                                            <\/span>\r\n    <\/a>\r\n        <\/li><li id=\"menu-item-354\" class=\"quadmenu-item-354 quadmenu-item quadmenu-item-object-custom quadmenu-item-home quadmenu-item-type-default quadmenu-item-level-0 quadmenu-has-title quadmenu-has-link quadmenu-has-background quadmenu-dropdown-right\">        <a  href=\"https:\/\/enerpower.com.br\/site\/#economia\">\r\n      <span class=\"quadmenu-item-content\">\r\n                                              <span class=\"quadmenu-text  hover t_1000\">Economia<\/span>\r\n                                            <\/span>\r\n    <\/a>\r\n        <\/li><li id=\"menu-item-359\" class=\"quadmenu-item-359 quadmenu-item quadmenu-item-object-mega quadmenu-item-type-mega quadmenu-item-level-0 quadmenu-has-title quadmenu-has-link quadmenu-dropdown-right dropdown-maxheight\">        <a  href=\"https:\/\/enerpower.com.br\/site\/#servicos\">\r\n      <span class=\"quadmenu-item-content\">\r\n                                              <span class=\"quadmenu-text  hover t_1000\">Servi\u00e7os<\/span>\r\n                                            <\/span>\r\n    <\/a>\r\n        <\/li><li id=\"menu-item-356\" class=\"quadmenu-item-356 quadmenu-item quadmenu-item-object-custom quadmenu-item-home quadmenu-item-type-default quadmenu-item-level-0 quadmenu-has-title quadmenu-has-link quadmenu-has-background quadmenu-dropdown-right\">        <a  href=\"https:\/\/enerpower.com.br\/site\/#projetos\">\r\n      <span class=\"quadmenu-item-content\">\r\n                                              <span class=\"quadmenu-text  hover t_1000\">Projetos<\/span>\r\n                                            <\/span>\r\n    <\/a>\r\n        <\/li><li id=\"menu-item-357\" class=\"quadmenu-item-357 quadmenu-item quadmenu-item-object-custom quadmenu-item-home quadmenu-item-type-default quadmenu-item-level-0 quadmenu-has-title quadmenu-has-link quadmenu-has-background quadmenu-dropdown-right\">        <a  href=\"https:\/\/enerpower.com.br\/site\/#contatos\">\r\n      <span class=\"quadmenu-item-content\">\r\n                                              <span class=\"quadmenu-text  hover t_1000\">Contatos<\/span>\r\n                                            <\/span>\r\n    <\/a>\r\n        <\/li><\/ul>    <\/div>\r\n  <\/div>\r\n<\/nav>\t\t<\/div>\n\t\t\t\t<\/div>\n\t\t\t\t\t\t<\/div>\n\t\t\t\t\t<\/div>\n\t\t<\/div>\n\t\t\t\t\t\t\t\t<\/div>\n\t\t\t\t\t<\/div>\n\t\t<\/section>\n\t\t\t\t<section class=\"elementor-section elementor-top-section elementor-element elementor-element-0b3eaf6 elementor-section-full_width elementor-section-height-min-height elementor-section-content-middle elementor-section-height-default elementor-section-items-middle\" data-id=\"0b3eaf6\" data-element_type=\"section\" data-settings=\"{&quot;background_background&quot;:&quot;classic&quot;}\">\n\t\t\t\t\t\t<div class=\"elementor-container elementor-column-gap-no\">\n\t\t\t\t\t\t\t<div class=\"elementor-row\">\n\t\t\t\t\t<div class=\"elementor-column elementor-col-100 elementor-top-column elementor-element elementor-element-9fe5991\" data-id=\"9fe5991\" data-element_type=\"column\">\n\t\t\t<div class=\"elementor-column-wrap\">\n\t\t\t\t\t\t\t<div class=\"elementor-widget-wrap\">\n\t\t\t\t\t\t\t\t<\/div>\n\t\t\t\t\t<\/div>\n\t\t<\/div>\n\t\t\t\t\t\t\t\t<\/div>\n\t\t\t\t\t<\/div>\n\t\t<\/section>\n\t\t\t\t<section class=\"elementor-section elementor-top-section elementor-element elementor-element-75ffa46 elementor-section-boxed elementor-section-height-default elementor-section-height-default\" data-id=\"75ffa46\" data-element_type=\"section\">\n\t\t\t\t\t\t<div class=\"elementor-container elementor-column-gap-default\">\n\t\t\t\t\t\t\t<div class=\"elementor-row\">\n\t\t\t\t\t<div class=\"elementor-column elementor-col-100 elementor-top-column elementor-element elementor-element-4e11f3c\" data-id=\"4e11f3c\" data-element_type=\"column\">\n\t\t\t<div class=\"elementor-column-wrap elementor-element-populated\">\n\t\t\t\t\t\t\t<div class=\"elementor-widget-wrap\">\n\t\t\t\t\t\t<div class=\"elementor-element elementor-element-307bba1 elementor-widget elementor-widget-heading\" data-id=\"307bba1\" data-element_type=\"widget\" data-widget_type=\"heading.default\">\n\t\t\t\t<div class=\"elementor-widget-container\">\n\t\t\t<h2 class=\"elementor-heading-title elementor-size-default\">Energia solar para condom\u00ednios e resid\u00eancias \u200b<\/h2>\t\t<\/div>\n\t\t\t\t<\/div>\n\t\t\t\t\t\t<\/div>\n\t\t\t\t\t<\/div>\n\t\t<\/div>\n\t\t\t\t\t\t\t\t<\/div>\n\t\t\t\t\t<\/div>\n\t\t<\/section>\n\t\t\t\t<section class=\"elementor-section elementor-top-section elementor-element elementor-element-b0ff1da elementor-section-boxed elementor-section-height-default elementor-section-height-default\" data-id=\"b0ff1da\" data-element_type=\"section\">\n\t\t\t\t\t\t<div class=\"elementor-container elementor-column-gap-default\">\n\t\t\t\t\t\t\t<div class=\"elementor-row\">\n\t\t\t\t\t<div class=\"elementor-column elementor-col-50 elementor-top-column elementor-element elementor-element-a71a148\" data-id=\"a71a148\" data-element_type=\"column\">\n\t\t\t<div class=\"elementor-column-wrap elementor-element-populated\">\n\t\t\t\t\t\t\t<div class=\"elementor-widget-wrap\">\n\t\t\t\t\t\t<div class=\"elementor-element elementor-element-e1ead3e elementor-widget elementor-widget-text-editor\" data-id=\"e1ead3e\" data-element_type=\"widget\" data-widget_type=\"text-editor.default\">\n\t\t\t\t<div class=\"elementor-widget-container\">\n\t\t\t\t\t<div class=\"elementor-text-editor elementor-clearfix\"><p>Por meio de um modelo inovador, propriet\u00e1rios de casas e moradores de pr\u00e9dios podem ter \u00e0 disposi\u00e7\u00e3o uma energia solar por um valor acess\u00edvel.<\/p><p>Nossa equipe vai te mostrar o melhor caminho para economizar na conta de luz da sua resid\u00eancia ou condom\u00ednio.<\/p><p>Temos a solu\u00e7\u00e3o ideal para unir energia limpa com conforto e praticidade.<\/p><\/div>\n\t\t\t\t<\/div>\n\t\t\t\t<\/div>\n\t\t\t\t\t\t<\/div>\n\t\t\t\t\t<\/div>\n\t\t<\/div>\n\t\t\t\t<div class=\"elementor-column elementor-col-50 elementor-top-column elementor-element elementor-element-0e63329\" data-id=\"0e63329\" data-element_type=\"column\">\n\t\t\t<div class=\"elementor-column-wrap elementor-element-populated\">\n\t\t\t\t\t\t\t<div class=\"elementor-widget-wrap\">\n\t\t\t\t\t\t<div class=\"elementor-element elementor-element-b74b7cb elementor-widget elementor-widget-image\" data-id=\"b74b7cb\" data-element_type=\"widget\" data-widget_type=\"image.default\">\n\t\t\t\t<div class=\"elementor-widget-container\">\n\t\t\t\t\t<div class=\"elementor-image\">\n\t\t\t\t\t\t\t\t\t\t<img width=\"768\" height=\"573\" src=\"https:\/\/enerpower.com.br\/site\/wp-content\/uploads\/2020\/12\/WhatsApp-Image-2020-11-30-at-14.29.38-768x573.jpeg\" class=\"attachment-medium_large size-medium_large\" alt=\"\" srcset=\"https:\/\/enerpower.com.br\/site\/wp-content\/uploads\/2020\/12\/WhatsApp-Image-2020-11-30-at-14.29.38-768x573.jpeg 768w, https:\/\/enerpower.com.br\/site\/wp-content\/uploads\/2020\/12\/WhatsApp-Image-2020-11-30-at-14.29.38-300x224.jpeg 300w, https:\/\/enerpower.com.br\/site\/wp-content\/uploads\/2020\/12\/WhatsApp-Image-2020-11-30-at-14.29.38.jpeg 841w\" sizes=\"(max-width: 768px) 100vw, 768px\" \/>\t\t\t\t\t\t\t\t\t\t\t<\/div>\n\t\t\t\t<\/div>\n\t\t\t\t<\/div>\n\t\t\t\t\t\t<\/div>\n\t\t\t\t\t<\/div>\n\t\t<\/div>\n\t\t\t\t\t\t\t\t<\/div>\n\t\t\t\t\t<\/div>\n\t\t<\/section>\n\t\t\t\t<section class=\"elementor-section elementor-top-section elementor-element elementor-element-6cfe28c elementor-section-full_width elementor-section-height-min-height elementor-section-height-default elementor-section-items-middle\" data-id=\"6cfe28c\" data-element_type=\"section\" data-settings=\"{&quot;background_background&quot;:&quot;classic&quot;}\">\n\t\t\t\t\t\t<div class=\"elementor-container elementor-column-gap-no\">\n\t\t\t\t\t\t\t<div class=\"elementor-row\">\n\t\t\t\t\t<div class=\"elementor-column elementor-col-100 elementor-top-column elementor-element elementor-element-9ac7c7e\" data-id=\"9ac7c7e\" data-element_type=\"column\">\n\t\t\t<div class=\"elementor-column-wrap elementor-element-populated\">\n\t\t\t\t\t\t\t<div class=\"elementor-widget-wrap\">\n\t\t\t\t\t\t<div class=\"elementor-element elementor-element-f5d82c0 elementor-widget elementor-widget-text-editor\" data-id=\"f5d82c0\" data-element_type=\"widget\" data-widget_type=\"text-editor.default\">\n\t\t\t\t<div class=\"elementor-widget-container\">\n\t\t\t\t\t<div class=\"elementor-text-editor elementor-clearfix\"><p>Desenvolvido Por <a href=\"https:\/\/www.logomidia.com.br\/wp\/\" target=\"_blank\" rel=\"noopener\">Logomidia<\/a><\/p><\/div>\n\t\t\t\t<\/div>\n\t\t\t\t<\/div>\n\t\t\t\t\t\t<\/div>\n\t\t\t\t\t<\/div>\n\t\t<\/div>\n\t\t\t\t\t\t\t\t<\/div>\n\t\t\t\t\t<\/div>\n\t\t<\/section>\n\t\t\t\t\t\t<\/div>\n\t\t\t\t\t\t<\/div>\n\t\t\t\t\t<\/div>\n\t\t","protected":false},"excerpt":{"rendered":"<p>Energia solar para condom\u00ednios e resid\u00eancias \u200b Por meio de um modelo inovador, propriet\u00e1rios de casas e moradores de pr\u00e9dios podem ter \u00e0 disposi\u00e7\u00e3o uma energia solar por um valor acess\u00edvel. Nossa equipe vai te mostrar o melhor caminho para economizar na conta de luz da sua resid\u00eancia ou condom\u00ednio. Temos a solu\u00e7\u00e3o ideal para [&hellip;]<\/p>\n","protected":false},"author":1,"featured_media":0,"parent":0,"menu_order":0,"comment_status":"closed","ping_status":"closed","template":"elementor_canvas","meta":[],"yoast_head":"<!-- This site is optimized with the Yoast SEO plugin v15.8 - https:\/\/yoast.com\/wordpress\/plugins\/seo\/ -->\n<title>Energia solar para condom\u00ednios e resid\u00eancias \u200b - Enerpower<\/title>\n<meta name=\"description\" content=\"Empresa de energia solar no Sul Fluminense. Servi\u00e7os de instala\u00e7\u00e3o, venda de equipamentos, homologa\u00e7\u00e3o junto a Light e consultoria. Volta Redonda \u2013 RJ\" \/>\n<meta name=\"robots\" content=\"index, follow, max-snippet:-1, max-image-preview:large, max-video-preview:-1\" \/>\n<link rel=\"canonical\" href=\"https:\/\/enerpower.com.br\/site\/condominios-residencias\/\" \/>\n<meta property=\"og:locale\" content=\"pt_BR\" \/>\n<meta property=\"og:type\" content=\"article\" \/>\n<meta property=\"og:title\" content=\"Energia solar para condom\u00ednios e resid\u00eancias \u200b - Enerpower\" \/>\n<meta property=\"og:description\" content=\"Empresa de energia solar no Sul Fluminense. Servi\u00e7os de instala\u00e7\u00e3o, venda de equipamentos, homologa\u00e7\u00e3o junto a Light e consultoria. Volta Redonda \u2013 RJ\" \/>\n<meta property=\"og:url\" content=\"https:\/\/enerpower.com.br\/site\/condominios-residencias\/\" \/>\n<meta property=\"og:site_name\" content=\"Enerpower\" \/>\n<meta property=\"article:publisher\" content=\"https:\/\/www.facebook.com\/enerpowervr\" \/>\n<meta property=\"article:modified_time\" content=\"2020-12-01T20:37:40+00:00\" \/>\n<meta property=\"og:image\" content=\"https:\/\/enerpower.com.br\/site\/wp-content\/uploads\/2020\/12\/WhatsApp-Image-2020-11-30-at-14.29.38-768x573.jpeg\" \/>\n<meta name=\"twitter:card\" content=\"summary_large_image\" \/>\n<script type=\"application\/ld+json\" class=\"yoast-schema-graph\">{\"@context\":\"https:\/\/schema.org\",\"@graph\":[{\"@type\":\"Organization\",\"@id\":\"https:\/\/enerpower.com.br\/site\/#organization\",\"name\":\"Enerpower\",\"url\":\"https:\/\/enerpower.com.br\/site\/\",\"sameAs\":[\"https:\/\/www.facebook.com\/enerpowervr\",\"https:\/\/www.instagram.com\/enerpowervr\/\"],\"logo\":{\"@type\":\"ImageObject\",\"@id\":\"https:\/\/enerpower.com.br\/site\/#logo\",\"inLanguage\":\"pt-BR\",\"url\":\"https:\/\/enerpower.com.br\/site\/wp-content\/uploads\/2020\/11\/Logo-Vertical-Fundo-Transparente-PNG.png\",\"width\":2946,\"height\":1636,\"caption\":\"Enerpower\"},\"image\":{\"@id\":\"https:\/\/enerpower.com.br\/site\/#logo\"}},{\"@type\":\"WebSite\",\"@id\":\"https:\/\/enerpower.com.br\/site\/#website\",\"url\":\"https:\/\/enerpower.com.br\/site\/\",\"name\":\"Enerpower\",\"description\":\"Energia Solar\",\"publisher\":{\"@id\":\"https:\/\/enerpower.com.br\/site\/#organization\"},\"potentialAction\":[{\"@type\":\"SearchAction\",\"target\":\"https:\/\/enerpower.com.br\/site\/?s={search_term_string}\",\"query-input\":\"required name=search_term_string\"}],\"inLanguage\":\"pt-BR\"},{\"@type\":\"ImageObject\",\"@id\":\"https:\/\/enerpower.com.br\/site\/condominios-residencias\/#primaryimage\",\"inLanguage\":\"pt-BR\",\"url\":\"https:\/\/enerpower.com.br\/site\/wp-content\/uploads\/2020\/12\/WhatsApp-Image-2020-11-30-at-14.29.38.jpeg\",\"width\":841,\"height\":628},{\"@type\":\"WebPage\",\"@id\":\"https:\/\/enerpower.com.br\/site\/condominios-residencias\/#webpage\",\"url\":\"https:\/\/enerpower.com.br\/site\/condominios-residencias\/\",\"name\":\"Energia solar para condom\\u00ednios e resid\\u00eancias \\u200b - Enerpower\",\"isPartOf\":{\"@id\":\"https:\/\/enerpower.com.br\/site\/#website\"},\"primaryImageOfPage\":{\"@id\":\"https:\/\/enerpower.com.br\/site\/condominios-residencias\/#primaryimage\"},\"datePublished\":\"2020-10-22T15:40:53+00:00\",\"dateModified\":\"2020-12-01T20:37:40+00:00\",\"description\":\"Empresa de energia solar no Sul Fluminense. Servi\\u00e7os de instala\\u00e7\\u00e3o, venda de equipamentos, homologa\\u00e7\\u00e3o junto a Light e consultoria. Volta Redonda \\u2013 RJ\",\"breadcrumb\":{\"@id\":\"https:\/\/enerpower.com.br\/site\/condominios-residencias\/#breadcrumb\"},\"inLanguage\":\"pt-BR\",\"potentialAction\":[{\"@type\":\"ReadAction\",\"target\":[\"https:\/\/enerpower.com.br\/site\/condominios-residencias\/\"]}]},{\"@type\":\"BreadcrumbList\",\"@id\":\"https:\/\/enerpower.com.br\/site\/condominios-residencias\/#breadcrumb\",\"itemListElement\":[{\"@type\":\"ListItem\",\"position\":1,\"item\":{\"@type\":\"WebPage\",\"@id\":\"https:\/\/enerpower.com.br\/site\/\",\"url\":\"https:\/\/enerpower.com.br\/site\/\",\"name\":\"In\\u00edcio\"}},{\"@type\":\"ListItem\",\"position\":2,\"item\":{\"@type\":\"WebPage\",\"@id\":\"https:\/\/enerpower.com.br\/site\/condominios-residencias\/\",\"url\":\"https:\/\/enerpower.com.br\/site\/condominios-residencias\/\",\"name\":\"Energia solar para condom\\u00ednios e resid\\u00eancias \\u200b\"}}]}]}<\/script>\n<!-- \/ Yoast SEO plugin. -->","_links":{"self":[{"href":"https:\/\/enerpower.com.br\/site\/wp-json\/wp\/v2\/pages\/342"}],"collection":[{"href":"https:\/\/enerpower.com.br\/site\/wp-json\/wp\/v2\/pages"}],"about":[{"href":"https:\/\/enerpower.com.br\/site\/wp-json\/wp\/v2\/types\/page"}],"author":[{"embeddable":true,"href":"https:\/\/enerpower.com.br\/site\/wp-json\/wp\/v2\/users\/1"}],"replies":[{"embeddable":true,"href":"https:\/\/enerpower.com.br\/site\/wp-json\/wp\/v2\/comments?post=342"}],"version-history":[{"count":48,"href":"https:\/\/enerpower.com.br\/site\/wp-json\/wp\/v2\/pages\/342\/revisions"}],"predecessor-version":[{"id":761,"href":"https:\/\/enerpower.com.br\/site\/wp-json\/wp\/v2\/pages\/342\/revisions\/761"}],"wp:attachment":[{"href":"https:\/\/enerpower.com.br\/site\/wp-json\/wp\/v2\/media?parent=342"}],"curies":[{"name":"wp","href":"https:\/\/api.w.org\/{rel}","templated":true}]}}